hird derivative of -s**5/10 + 7*s**4/24 + s**3/3 + 2*s**2. Let b(w) = -6*m(w) + 7*v(w). Calculate b(0).
9
Suppose 6 = -5*j + 3*j. Let p(n) be the first derivative of -3*n**2/2 - 2*n + 110. What is p(j)?
7
Let m(u) = u**2 - u + 1. Let j(o) = 13*o - o**3 - 10*o**2 + 5*o - 12*o. Let z(i) = -j(i) - 4*m(i). What is z(-6)?
8
Let j(k) = k + 0 + 1 + 0*k. Let h(f) = f**3 + f**2 - 2*f - 23. Let u be h(0). Let y = u - -17. Calculate j(y).
-5
Let z(c) be the third derivative of c**4/8 + c**3/3 - 3*c**2 - 52*c. Calculate z(-3).
-7
Suppose 28*k - 4*g - 4 = 30*k, 2 = 4*k + 3*g. Let s(q) = q**3 - q**2 + q + 2. Determine s(k).
8
Let k(s) = 2*s + 4. Let d be k(-5). Let g(z) = -127 - z + 5*z**2 - 134 + 259. Let v(l) = 4*l**2 - 2*l - 3. Let a(n) = d*v(n) + 5*g(n). Give a(-6).
2
Let l(i) = -i - 14. Let q(x) = -51*x + 97. Let w be q(2). Determine l(w).
-9
Let f(q) = -3*q + 5. Let m(s) be the third derivative of -s**4/24 - s**3/6 + 10*s**2. Let i(n) = f(n) + 6*m(n). Determine i(-1).
8
Let f be -7 - -5 - 0 - 4. Let t(p) = -p - 3. Calculate t(f).
3
Let p(k) be the second derivative of k**4/12 + 2*k**3/3 + 5*k**2/2 - 2*k. Suppose -25 = 3*v + 4*c - 1, 5 = -5*v + 5*c. Calculate p(v).
5
Let a(r) be the third derivative of 3*r**4/8 + 47*r**3/6 + r**2 + 162. Calculate a(-6).
-7
Let w(a) be the first derivative of -4*a**2 - 73*a - 585. Give w(-10).
7
Let s be 30/9 + 2/3. Let y(o) be the third derivative of -7/6*o**3 - 8*o**2 - 1/120*o**6 + 0 + 1/12*o**5 + 0*o**s + 0*o. What is y(5)?
-7
Let x(t) = 6*t**3 - 4*t**2 - 3*t + 3. Let y(g) = -11*g**3 + 7*g**2 + 5*g - 5. Suppose 10*h = -40 - 0. Let k(l) = h*y(l) - 7*x(l). What is k(1)?
2
Let r(u) = -u**2 + 6*u + 5. Let b(t) = t**2 - 7*t - 5. Let q(a) = 2*b(a) + 3*r(a). What is q(4)?
5
Suppose 3*i - 4 = i. Let o(v) = 8*v**2 - 12*v + 3. Let f(x) = 2*x**2 - 3*x + 1. Let d(y) = i*o(y) - 9*f(y). Calculate d(3).
-12
Let b(v) be the third derivative of -v**4/24 + 13*v**3/3 - 17*v**2. Suppose -g + 2 - 3 = -t, 3*t = 2*g + 2. Give b(t).
26
Let d(t) = 5*t. Let i(x) = -7*x - 5. Let g(m) = -m - 1. Let o(s) = -6*g(s) + i(s). Let v be o(2). What is d(v)?
-5
Let p(f) = 27*f**2 - 9 - 6 + 15 - f. Determine p(1).
26
Let d(x) = -2*x - 3. Suppose -4*p - 6 = -9*p - y, 0 = 5*p - 2*y - 18. Suppose -17 + p = -q. Suppose 4*c - 23 = 3*o, 0 = 5*o - c + q + 12. Give d(o).
7
Suppose 25 = -a + 6*a. Let j be (1/2)/((-8)/(-48)). Let v(q) = q**2 - 7*q - 1 + q**j + 3*q - 5*q**2. Determine v(a).
4
Let w(h) = 2*h - 32. Let n be w(16). Let i(y) = 4 - 4 + 18*y + n. Determine i(-1).
-18
Let a(n) be the first derivative of -n**4/4 - n**3 + 3*n**2/2 + 4*n - 158. Give a(-2).
-6
Let h(o) = 8*o - 2. Let n be (14 + 1)*(-26)/(-39). Suppose n*z = -4 - 26. Calculate h(z).
-26
Suppose 3*p + 0 = 9. Suppose -5*z + 25 = -p*h + h, 5*z - h - 25 = 0. Let m(l) = -3 - l**2 + l**3 + 0 - 5*l**2 + 7*l. Calculate m(z).
7
Let s(m) = -5 - m**2 + 4 + 0 - 10*m. What is s(-7)?
20
Let v(r) be the first derivative of 3 - 5/3*r**3 - r - r**2. Determine v(-1).
-4
Let n(c) = c**2 + 3. Let l(w) = w**3 - 8*w**2 + 8*w - 2. Let x be l(7). Suppose 0 = 6*m - x*m. Give n(m).
3
Let c(l) = -3*l**2 + 6*l - 4 + 4*l + 4*l**2 - 2*l**2. Let o(z) = -z**2 + 11*z - 3. Let y(v) = 4*c(v) - 3*o(v). Calculate y(5).
3
Suppose -39*v + 35*v + 24 = 0. Let a(y) = -y - 1. Determine a(v).
-7
Let m(s) = -s**3 + 7*s**2 - 2*s. Suppose -21*v + 13*v + 24 = 0. Suppose i - 16 = -3*y, -2*y = -v*i + 3*y + 6. Give m(i).
-14
Let a = 60 + -59. Let s(c) = -c**2 + 8*c + 3. Let h be s(8). Let t(x) = h*x + 3*x - a - 5*x + 2. Give t(3).
4
Let x(m) = 2*m**2 - 3*m - m**3 - 2*m**2 - 2 + 4*m - 2*m**2. Let r be (1 + -2)*(-6 - (-21 + 12)). Calculate x(r).
4
Let x(s) = -s - 8. Let i(b) = b + 8. Let w(l) = -7*i(l) - 6*x(l). What is w(-8)?
0
Let d(x) be the first derivative of -x**4/4 - 4*x**3/3 + 3*x**2 - 3*x - 77. Give d(-5).
-8
Let t be (22 - 18)*4/((-24)/(-9)). Let u(m) be the third derivative of 9*m**2 + 0*m - 1/4*m**4 - 1/120*m**t - 1/12*m**5 + 0 - 2/3*m**3. Determine u(-4).
4
Suppose 0 = 3*p - q - 17, 2*p + q + 4*q + 17 = 0. Let f(i) be the second derivative of 0 - i - 1/3*i**3 + i**2. Determine f(p).
-6
Suppose -3*k - 17 - 28 = -5*o, -3*k - 39 = -4*o. Let m(y) = -6*y + 3. Give m(o).
-33
Suppose 0 = -0*r - 2*r - 8. Let k be 1*r/(-8)*10. Suppose -3*t - 6 = -u, 0 = -k*u + 4*u + 5*t + 8. Let n(h) = -h - 2. Determine n(u).
-5
Let m(c) = 26*c**2 - c. Let l = 10 - 11. What is m(l)?
27
Let p(h) = -7*h - 18. Let w(m) = m + 1. Let l(k) = 4*k + 4. Let n(b) = -l(b) + 3*w(b). Let u(g) = -6*n(g) + p(g). Calculate u(0).
-12
Let n(o) = o**2 + 5*o + 12. Let m(r) = 28*r + 582. Let z be m(-21). Determine n(z).
18
Let v(h) = h**2 - 2*h - 2. Suppose 3*n + 5*o - 43 = 0, -n - 4*o = -3*n - 8. Let k be (3/(n/8))/(4/3). Give v(k).
1
Let w(y) = 3*y**2 + 29*y + 9. Let f(b) = -4*b**2 - 32*b - 10. Let m(g) = -5*f(g) - 6*w(g). Calculate m(10).
56
Let f(g) = -52 + g**2 - 9*g + 9*g - 2 + 3*g. Determine f(-9).
0
Let s(t) = 2 + 93*t - 2 - 94*t. Calculate s(2).
-2
Let u be -3 + 1*2*-12. Let j be (u/(-18))/(6/(-20)). Let k(p) = p + 1. Give k(j).
-4
Let b(h) = -3*h. Let u be b(-3). Suppose 5*z + 3*r - 1 = u, r + 4 = 2*z. Let w(t) = 6*t - 6*t + t**3 - 3*t**2 - 2 + z*t. Calculate w(2).
-2
Let k be ((-2)/(-4))/(5/10). Suppose 7 = -4*t - k. Let i be (2 - (0 - t))/(-1). Let m(p) = p - 5. Calculate m(i).
-5
Let p(b) = 11*b + 4. Let o(y) = -15*y - 5. Let c(f) = 3*o(f) + 4*p(f). Determine c(2).
-1
Let r(v) = 3*v**3 - 2*v**2 - 2*v - 1. Let a be -10 + (0 - 2/2). Let j = a - -10. Calculate r(j).
-4
Suppose -4 = -13*p + 11*p. Let f(l) = 1 + l**p + 50*l - 120*l + 61*l. Calculate f(7).
-13
Let f(q) = q**2 - 30*q - 61. Let a be f(32). Let k(v) = -7*v**2 + 3 - v - 116*v**3 - v + 115*v**a + 3*v**2. What is k(-4)?
11
Let v = -48 + 20. Let w = -17 - v. Let x = -8 + w. Let o(t) = -t + 3. What is o(x)?
0
Let w(c) = c - 5. Let d(z) = 6 + 5*z**2 + 2*z + 3*z**3 - 6*z**3 + 2*z**3. Let v be d(6). Let t be 2/1*63/v. What is w(t)?
-12
Suppose 0 = 9*j + 23 - 95. Let a = 4 + -4. Let c(m) = 7 + 2*m + a*m - 4*m. What is c(j)?
-9
Suppose 9*q - 19*q + 30 = 0. Let j(k) = -3*k + 3. Determine j(q).
-6
Let h = -696 + 699. Let u(k) = -k**3 - 2*k**2 + 3*k + 3. Determine u(h).
-33
Suppose -13 = -q + 8. Let a = q + -19. Let k(z) = -z**2 + z + 1. Determine k(a).
-1
Let v(p) = p + 6. Let w be 3/1 - (13 + 6). Let n = w - -12. Let c be v(n). Let o(i) = -2*i**3 + 3*i**2 - i. Determine o(c).
-6
Let h = -1920 + 1912. Let m(l) = l**2 + 4*l - 4. What is m(h)?
28
Let k(z) = 2 + z**2 - 7*z + 1 - 5. Let b be 3 - (20/2 - 4). Let c be (2 - 34/(-6)) + (-1)/b. Determine k(c).
6
Let n(d) = d**3 + d**2 + d + 8. Suppose -4*f = 4*g - 36, 2*g + 12 = -f + 4*f. Let u(j) = -j**2 + 7*j - 1. Let i be u(f). Suppose -10*p = -i*p. What is n(p)?
8
Suppose 9*g - 6*g = 0. Suppose 3*t = 4*h - 6, 2*t - 5*h + g*h + 4 = 0. Let j(a) = -a**3 - 2672*a - 2 + 5 + 2674*a - 2*a**2. Calculate j(t).
-1
Let c = -3 + -1. Let h(s) = s**2 - s - 1. Let j(u) = 6*u**2 - 2*u - 8. Let q(m) = -5*h(m) + j(m). What is q(c)?
1
Let p(b) = b**3 + 10*b**2 + 14*b - 16. Let g be p(-8). Let k(m) = -m**3 + m**2 + m + 15. What is k(g)?
15
Let r(g) = g**3 + 6*g**2 + 7*g - 1. Suppose 2*a = -3*j - 96, 0*j + j + 22 = -4*a. Let t = j + 37. Suppose -t*s = 4*u + 1 + 19, 2*u + 2*s + 10 = 0. What is r(u)?
-11
Let d(b) = -b**2 + 12*b + 5. Let z = 109 - 97. Let n be d(z). Let f(v) = -v**2 - v + 1. Let c(m) = -7*m**2 - m + 7. Let j(s) = -c(s) + 6*f(s). Give j(n).
-1
Let t = 4 + -3. Let l(p) be the third derivative of -p**8/20160 - p**7/5040 - p**5/12 - 5*p**2. Let w(c) be the third derivative of l(c). Determine w(t).
-2
Let q(n) = 3*n - 3*n + n. Let w(x) = -7*x**2 + 4*x - 1. Let d(b) = -2*q(b) + w(b). Let g be 2/1 - 2/2. What is d(g)?
-6
Suppose -5*w + 0 = -30. Let z = -12 - w. Let p = z + 15. Let y(g) = g + 5. Calculate y(p).
2
Let w(v) = -v**2 + 14*v - 9. Let o be ((-39)/6)/(3/(-6)). Let l be w(o). Let z(y) = -7*y**2 + y**3 + l*y + 4*y - 3 - 2 + 2. What is z(6)?
9
Suppose 4*s - 84 = 4*u, -6 = 4*s - 2. Let w = -24 - u. Let k(v) = 2*v**2 + 2*v + 2. Give k(w).
6
Let u(w) = -w**3. Let p(s) = 19*s + 18. Let n be p(-1). What is u(n)?
1
Let w(q) be the first derivative of q**4/4 + 8*q**3/3 - 5*q**2 - 3*q - 4. Let i be 195/(-21) - -2*(-2)/(-14). Give w(i).
6
Let i(j) = -j**3 + j**2 + j - 2. Let x be i(0).